{"id":89,"date":"2025-10-10T00:16:04","date_gmt":"2025-10-10T04:16:04","guid":{"rendered":"https:\/\/krazhdj.com\/?page_id=89"},"modified":"2025-11-28T21:12:07","modified_gmt":"2025-11-29T02:12:07","slug":"dj","status":"publish","type":"page","link":"https:\/\/krazhdj.com\/index.php\/dj\/","title":{"rendered":"DJ"},"content":{"rendered":"\n<p class=\"has-text-align-center has-heading-color has-text-color has-link-color has-scriptina-font-family wp-elements-30958adde0d0d7d960237f1203d818c8\" style=\"font-size:70px;font-style:normal;font-weight:700\">DJ<\/p>\n\n\n\n<figure data-wp-context=\"{&quot;imageId&quot;:&quot;69e73297caa73&quot;}\" data-wp-interactive=\"core\/image\" data-wp-key=\"69e73297caa73\" class=\"wp-block-image size-full is-style-default wp-lightbox-container\"><img fetchpriority=\"high\" decoding=\"async\" width=\"2560\" height=\"1604\" data-wp-class--hide=\"state.isContentHidden\" data-wp-class--show=\"state.isContentVisible\" data-wp-init=\"callbacks.setButtonStyles\" data-wp-on--click=\"actions.showLightbox\" data-wp-on--load=\"callbacks.setButtonStyles\" data-wp-on-window--resize=\"callbacks.setButtonStyles\" src=\"https:\/\/krazhdj.com\/wp-content\/uploads\/2025\/11\/DSC08302-scaled.jpg\" alt=\"\" class=\"wp-image-359\" srcset=\"https:\/\/krazhdj.com\/wp-content\/uploads\/2025\/11\/DSC08302-scaled.jpg 2560w, https:\/\/krazhdj.com\/wp-content\/uploads\/2025\/11\/DSC08302-300x188.jpg 300w, https:\/\/krazhdj.com\/wp-content\/uploads\/2025\/11\/DSC08302-1024x642.jpg 1024w, https:\/\/krazhdj.com\/wp-content\/uploads\/2025\/11\/DSC08302-768x481.jpg 768w, https:\/\/krazhdj.com\/wp-content\/uploads\/2025\/11\/DSC08302-1536x962.jpg 1536w, https:\/\/krazhdj.com\/wp-content\/uploads\/2025\/11\/DSC08302-2048x1283.jpg 2048w\" sizes=\"(max-width: 2560px) 100vw, 2560px\" \/><button\n\t\t\tclass=\"lightbox-trigger\"\n\t\t\ttype=\"button\"\n\t\t\taria-haspopup=\"dialog\"\n\t\t\taria-label=\"Enlarge\"\n\t\t\tdata-wp-init=\"callbacks.initTriggerButton\"\n\t\t\tdata-wp-on--click=\"actions.showLightbox\"\n\t\t\tdata-wp-style--right=\"state.imageButtonRight\"\n\t\t\tdata-wp-style--top=\"state.imageButtonTop\"\n\t\t>\n\t\t\t<svg xmlns=\"http:\/\/www.w3.org\/2000\/svg\" width=\"12\" height=\"12\" fill=\"none\" viewBox=\"0 0 12 12\">\n\t\t\t\t<path fill=\"#fff\" d=\"M2 0a2 2 0 0 0-2 2v2h1.5V2a.5.5 0 0 1 .5-.5h2V0H2Zm2 10.5H2a.5.5 0 0 1-.5-.5V8H0v2a2 2 0 0 0 2 2h2v-1.5ZM8 12v-1.5h2a.5.5 0 0 0 .5-.5V8H12v2a2 2 0 0 1-2 2H8Zm2-12a2 2 0 0 1 2 2v2h-1.5V2a.5.5 0 0 0-.5-.5H8V0h2Z\" \/>\n\t\t\t<\/svg>\n\t\t<\/button><\/figure>\n\n\n\n<p style=\"font-size:16px;font-style:normal;font-weight:300\">En <strong>KRAZH Entertainment<\/strong> creamos experiencias que se viven al ritmo de la m\u00fasica. Nuestros <strong>DJs profesionales<\/strong> combinan elegancia, energ\u00eda y precisi\u00f3n para lograr el ambiente perfecto en cada boda, quincea\u00f1era o evento social.<br><\/p>\n\n\n\n<div class=\"alignnormal\"><div id=\"metaslider-id-362\" style=\"width: 100%;\" class=\"ml-slider-3-102-0 metaslider metaslider-flex metaslider-362 ml-slider has-dots-nav ms-theme-default-base\" role=\"region\" aria-label=\"New Slideshow\" data-height=\"300\" data-width=\"700\">\n    <div id=\"metaslider_container_362\">\n        <div id=\"metaslider_362\">\n            <ul aria-live='off' class='slides'>\n                <li style=\"display: block; width: 100%;\" class=\"slide-369 ms-image \" aria-roledescription=\"slide\" data-date=\"2025-11-06 20:58:02\" data-slide-type=\"image\"><img decoding=\"async\" src=\"https:\/\/krazhdj.com\/wp-content\/uploads\/2025\/11\/20220722_192536-scaled-700x300.jpg\" height=\"300\" width=\"700\" alt=\"\" class=\"slider-362 slide-369 msDefaultImage\" title=\"20220722_192536\" \/><\/li>\n                <li style=\"display: none; width: 100%;\" class=\"slide-370 ms-image \" aria-roledescription=\"slide\" data-date=\"2025-11-06 20:58:02\" data-slide-type=\"image\"><img decoding=\"async\" src=\"https:\/\/krazhdj.com\/wp-content\/uploads\/2025\/11\/20220826_202025-scaled-700x300.jpg\" height=\"300\" width=\"700\" alt=\"\" class=\"slider-362 slide-370 msDefaultImage\" title=\"20220826_202025\" \/><\/li>\n                <li style=\"display: none; width: 100%;\" class=\"slide-371 ms-image \" aria-roledescription=\"slide\" data-date=\"2025-11-06 20:58:02\" data-slide-type=\"image\"><img loading=\"lazy\" decoding=\"async\" src=\"https:\/\/krazhdj.com\/wp-content\/uploads\/2025\/11\/20231014_191936-scaled-700x300.jpg\" height=\"300\" width=\"700\" alt=\"\" class=\"slider-362 slide-371 msDefaultImage\" title=\"20231014_191936\" \/><\/li>\n                <li style=\"display: none; width: 100%;\" class=\"slide-372 ms-image \" aria-roledescription=\"slide\" data-date=\"2025-11-06 20:58:02\" data-slide-type=\"image\"><img loading=\"lazy\" decoding=\"async\" src=\"https:\/\/krazhdj.com\/wp-content\/uploads\/2025\/11\/FB_IMG_1584116495014-700x300.jpg\" height=\"300\" width=\"700\" alt=\"\" class=\"slider-362 slide-372 msDefaultImage\" title=\"FB_IMG_1584116495014\" \/><\/li>\n            <\/ul>\n        <\/div>\n        \n    <\/div>\n<\/div><\/div>\n\n\n\n<p class=\"has-medium-font-size\" style=\"font-style:normal;font-weight:300\">Adem\u00e1s, nuestro equipo te acompa\u00f1a en la <strong>planificaci\u00f3n del itinerario<\/strong> para que cada momento \u2014desde la entrada hasta el \u00faltimo baile\u2014 suceda tal como lo so\u00f1aste.<br>Con sonido premium, luces impactantes y un servicio impecable, garantizamos que tu celebraci\u00f3n sea <strong>\u00fanica, alegre e inolvidable<\/strong>.<\/p>\n\n\n\n<div class=\"wp-block-columns is-layout-flex wp-container-core-columns-is-layout-28f84493 wp-block-columns-is-layout-flex\">\n<div class=\"wp-block-column is-layout-flow wp-block-column-is-layout-flow\">\n<figure class=\"wp-block-video\"><video height=\"1080\" style=\"aspect-ratio: 1920 \/ 1080;\" width=\"1920\" controls src=\"https:\/\/krazhdj.com\/wp-content\/uploads\/2025\/11\/Sample-Hora-Loka-2.mp4\"><\/video><\/figure>\n<\/div>\n\n\n\n<div class=\"wp-block-column is-layout-flow wp-block-column-is-layout-flow\">\n<figure class=\"wp-block-video\"><video height=\"1080\" style=\"aspect-ratio: 1920 \/ 1080;\" width=\"1920\" controls src=\"https:\/\/krazhdj.com\/wp-content\/uploads\/2025\/11\/C0010-2.mp4\"><\/video><\/figure>\n<\/div>\n<\/div>\n\n\n\n<div class=\"wp-block-columns is-layout-flex wp-container-core-columns-is-layout-28f84493 wp-block-columns-is-layout-flex\">\n<div class=\"wp-block-column is-layout-flow wp-block-column-is-layout-flow\">            <div class=\"ppv_wrapper ppv_container\" style=\"position: relative;width:100%; height:600px;\">\n                <div class=\"ppv-loading\">PDF Loading&#8230;<\/div>\n                <iframe id=\"s_pdf_frame\" src=\"\/\/docs.google.com\/gview?embedded=true&#038;url=https:\/\/krazhdj.com\/wp-content\/uploads\/2025\/11\/Extras.pdf\" style=\"float:left; padding:10px;width:100%; height:600px;\" frameborder=\"0\"><\/iframe>\n                            <\/div>\n            \n            <\/div>\n<\/div>\n","protected":false},"excerpt":{"rendered":"<p>DJ En KRAZH Entertainment creamos experiencias que se viven al ritmo de la m\u00fasica. Nuestros DJs profesionales combinan elegancia, energ\u00eda y precisi\u00f3n para lograr el ambiente perfecto en cada boda, quincea\u00f1era o evento social. Adem\u00e1s, nuestro equipo te acompa\u00f1a en la planificaci\u00f3n del itinerario para que cada momento \u2014desde la entrada hasta el \u00faltimo baile\u2014 [&hellip;]<\/p>\n","protected":false},"author":1,"featured_media":0,"parent":0,"menu_order":0,"comment_status":"closed","ping_status":"closed","template":"","meta":{"_monsterinsights_skip_tracking":false,"_monsterinsights_sitenote_active":false,"_monsterinsights_sitenote_note":"","_monsterinsights_sitenote_category":0,"ngg_post_thumbnail":0,"footnotes":""},"class_list":["post-89","page","type-page","status-publish","hentry"],"_links":{"self":[{"href":"https:\/\/krazhdj.com\/index.php\/wp-json\/wp\/v2\/pages\/89","targetHints":{"allow":["GET"]}}],"collection":[{"href":"https:\/\/krazhdj.com\/index.php\/wp-json\/wp\/v2\/pages"}],"about":[{"href":"https:\/\/krazhdj.com\/index.php\/wp-json\/wp\/v2\/types\/page"}],"author":[{"embeddable":true,"href":"https:\/\/krazhdj.com\/index.php\/wp-json\/wp\/v2\/users\/1"}],"replies":[{"embeddable":true,"href":"https:\/\/krazhdj.com\/index.php\/wp-json\/wp\/v2\/comments?post=89"}],"version-history":[{"count":12,"href":"https:\/\/krazhdj.com\/index.php\/wp-json\/wp\/v2\/pages\/89\/revisions"}],"predecessor-version":[{"id":427,"href":"https:\/\/krazhdj.com\/index.php\/wp-json\/wp\/v2\/pages\/89\/revisions\/427"}],"wp:attachment":[{"href":"https:\/\/krazhdj.com\/index.php\/wp-json\/wp\/v2\/media?parent=89"}],"curies":[{"name":"wp","href":"https:\/\/api.w.org\/{rel}","templated":true}]}}